onvert 1c (base 15) to base 3.
1000
-8 (base 13) to base 6
-12
What is -10 (base 8) in base 16?
-8
3 (base 16) to base 9
3
What is 146 (base 13) in base 10?
227
-46 (base 15) to base 8
-102
What is 0 (base 11) in base 3?
0
What is 113 (base 4) in base 15?
18
Convert -a (base 12) to base 5.
-20
-1001010 (base 2) to base 4
-1022
What is 4 (base 10) in base 11?
4
What is -5 (base 8) in base 2?
-101
2121 (base 3) to base 9
77
What is -49 (base 11) in base 2?
-110101
3 (base 14) to base 13
3
2 (base 4) to base 9
2
What is 12 (base 14) in base 6?
24
Convert -87 (base 10) to base 5.
-322
What is 115 (base 11) in base 4?
2021
-72 (base 16) to base 13
-8a
Convert 2 (base 13) to base 9.
2
1a (base 12) to base 8
26
-4 (base 5) to base 14
-4
Convert -1 (base 4) to base 5.
-1
2 (base 7) to base 5
2
-2 (base 14) to base 8
-2
54 (base 9) to base 5
144
What is 3 (base 12) in base 4?
3
Convert 5 (base 7) to base 8.
5
Convert -75 (base 12) to base 5.
-324
What is -83 (base 9) in base 7?
-135
What is -2 (base 12) in base 8?
-2
59 (base 10) to base 4
323
Convert -21 (base 6) to base 9.
-14
Convert 101 (base 2) to base 16.
5
Convert -12 (base 4) to base 3.
-20
-9 (base 13) to base 3
-100
-10 (base 12) to base 16
-c
2231 (base 5) to base 3
102201
Convert 13 (base 11) to base 13.
11
-5 (base 12) to base 16
-5
Convert -2 (base 9) to base 16.
-2
Convert -1101 (base 3) to base 10.
-37
What is 10001101 (base 2) in base 3?
12020
3 (base 8) to base 10
3
1233 (base 4) to base 5
421
-115 (base 13) to base 8
-273
4 (base 8) to base 14
4
What is 11000 (base 2) in base 5?
44
What is 0 (base 4) in base 5?
0
-48 (base 10) to base 9
-53
44 (base 11) to base 14
36
-1 (base 15) to base 5
-1
-2 (base 6) to base 11
-2
What is -12102 (base 3) in base 11?
-123
What is -1040 (base 5) in base 13?
-b2
What is -7 (base 12) in base 2?
-111
Convert -230 (base 12) to base 8.
-504
Convert -10011011 (base 2) to base 8.
-233
21110 (base 3) to base 11
173
-2011 (base 3) to base 2
-111010
What is -33 (base 5) in base 11?
-17
Convert 120 (base 7) to base 6.
143
-130 (base 13) to base 15
-dd
Convert -26 (base 8) to base 14.
-18
What is 121 (base 3) in base 13?
13
Convert 303 (base 5) to base 15.
53
Convert 26 (base 7) to base 3.
202
12 (base 3) to base 10
5
What is 21 (base 13) in base 10?
27
What is 2 (base 14) in base 10?
2
Convert -2 (base 4) to base 16.
-2
-1 (base 14) to base 11
-1
2 (base 16) to base 11
2
Convert 12 (base 3) to base 12.
5
What is 165 (base 12) in base 10?
221
Convert -3 (base 6) to base 11.
-3
-11 (base 3) to base 14
-4
Convert -2 (base 6) to base 16.
-2
Convert 3 (base 12) to base 2.
11
Convert 0 (base 3) to base 4.
0
What is 291 (base 12) in base 11?
331
What is 2 (base 13) in base 12?
2
-153 (base 8) to base 3
-10222
What is -6 (base 11) in base 14?
-6
What is -47 (base 13) in base 5?
-214
What is 2 (base 15) in base 2?
10
What is -a (base 12) in base 13?
-a
-440 (base 5) to base 3
-11110
What is -110 (base 3) in base 14?
-c
Convert -212 (base 7) to base 2.
-1101011
-4 (base 13) to base 7
-4
Convert 45 (base 12) to base 9.
58
Convert 1 (base 9) to base 4.
1
What is 13 (base 5) in base 3?
22
What is -10101 (base 2) in base 9?
-23
Convert 2101 (base 3) to base 15.
44
Convert -3 (base 12) to base 13.
-3
What is 31 (base 7) in base 6?
34
What is -31 (base 7) in base 8?
-26
-5 (base 15) to base 9
-5
What is 27 (base 16) in base 4?
213
What is -237 (base 8) in base 2?
-10011111
What is 100101 (base 2) in base 14?
29
What is -2122 (base 5) in base 15?
-142
Convert 19 (base 15) to base 3.
220
What is 1 (base 12) in base 2?
1
Convert -9 (base 10) to base 7.
-12
What is 15 (base 14) in base 4?
103
11010011 (base 2) to base 4
3103
What is -7 (base 16) in base 14?
-7
What is c (base 14) in base 8?
14
Convert -20 (base 11) to base 8.
-26
What is -1 (base 11) in base 9?
-1
Convert -2 (base 3) to base 9.
-2
What is 1312 (base 5) in base 2?
11001111
Convert -302 (base 6) to base 8.
-156
Convert -18 (base 14) to base 9.
-24
What is 2c (base 13) in base 8?
46
Convert 25 (base 16) to base 9.
41
Convert db (base 14) to base 11.
166
Convert 1 (base 13) to base 10.
1
What is 103 (base 8) in base 3?
2111
Convert 11121 (base 3) to base 14.
8c
Convert 265 (base 10) to base 12.
1a1
223 (base 13) to base 11
304
What is 14 (base 8) in base 10?
12
What is 22 (base 5) in base 7?
15
-47 (base 16) to base 14
-51
Convert -10 (base 5) to base 15.
-5
-4 (base 8) to base 14
-4
Convert 1 (base 16) to base 8.
1
What is 1011100 (base 2) in base 5?
332
What is 52 (base 9) in base 8?
57
Convert 64 (base 12) to base 16.
4c
1 (base 4) to base 7
1
-62 (base 7) to base 3
-1122
20 (base 3) to base 7
6
-17 (base 12) to base 9
-21
Convert 56 (base 11) to base 15.
41
Convert 6 (base 11) to base 8.
6
21 (base 8) to base 6
25
What is d (base 14) in base 12?
11
What is 2 (base 11) in base 4?
2
Convert -212 (base 10) to base 16.
-d4
What is 210 (base 3) in base 12?
19
What is -12 (base 8) in base 6?
-14
9 (base 13) to base 14
9
What is 30 (base 7) in base 4?
111
What is -2000 (base 3) in base 2?
-110110
10 (base 2) to base 16
2
95 (base 13) to base 16
7a
148 (base 9) to base 2
1111101
Convert 2 (base 13) to base 2.
10
Convert -111 (base 2) to base 7.
-10
Convert 11111 (base 2) to base 11.
29
What is 144 (base 6) in base 12?
54
Convert -1 (base 5) to base 9.
-1
Convert -30 (base 9) to base 6.
-43
-16 (base 12) to base 14
-14
-32 (base 16) to base 11
-46
Convert 2 (base 3) to base 8.
2
What is -10 (base 10) in base 15?
-a
-15 (base 15) to base 10
-20
What is 4 (base 14) in base 16?
4
Convert 1 (base 11) to base 13.
1
Convert 413 (base 5) to base 8.
154
Convert 21 (base 5) to base 11.
10
Convert a (base 12) to base 14.
a
Convert 101 (base 3) to base 15.
a
Convert 2 (base 15) to base 8.
2
Convert 2a (base 16) to base 7.
60
Convert -1 (base 8) to base 9.
-1
Convert 6 (base 8) to base 15.
6
What is -c6 (base 15) in base 7?
-354
Convert -231 (base 6) to base 16.
-5b
Convert 11 (base 12) to base 2.
1101
1b (base 15) to base 10
26
What is -1 (base 16) in base 13?
-1
What is 1 (base 7) in base 6?
1
What is -1 (base 16) in base 14?
-1
What is -355 (base 9) in base 8?
-445
-46 (base 7) to base 2
-100010
What is 5 (base 15) in base 4?
11
What is 120 (base 6) in base 5?
143
-19 (base 14) to base 10
-23
29 (base 12) to base 8
41
Convert 54 (base 6) to base 8.
42
Convert -23 (base 16) to base 2.
-100011
-1 (base 5) to base 9
-1
Convert -14 (base 8) to base 3.
-110
-123 (base 5) to base 8
-46
1 (base 2) to base 16
1
What is -244 (base 10) in base 12?
-184
3 (base 8) to base 16
3
Convert -13 (base 4) to base 10.
-7
What is e (base 16) in base 6?
22
-46 (base 14) to base 16
-3e
Convert 48 (base 13) to base 14.
44
Convert -4 (base 14) to base 2.
-100
What is 1 (base 7) in base 8?
1
-a (base 15) to base 9
-11
What is -3b (base 15) in base 14?
-40
5 (base 15) to base 5
10
Convert 45 (base 15) to base 14.
49
What is 24 (base 7) in base 9?
20
68 (base 11) to base 7
134
15 (base 8) to base 16
d
Convert -5 (base 13) to base 7.
-5
What is -8 (base 14) in base 3?
-22
Convert -8 (base 11) to base 12.
-8
What is -3 (base 11) in base 3?
-10
13 (base 15) to base 5
33
What is -3 (base 15) in base 5?
-3
30 (base 5) to base 15
10
What is 1 (base 6) in base 12?
1
-41 (base 6) to base 15
-1a
What is 5 (base 8) in base 9?
5
What is 12 (base 5) in base 15?
7
What is 5 (base 16) in base 5?
10
14 (base 6) to base 15
a
-2a (base 14) to base 7
-53
1021 (base 3) to base 6
54
-6 (base 13) to base 3
-20
-33 (base 5) to base 4
-102
Convert -18 (base 12) to base 3.
-202
12110 (base 3) to base 10
147
Convert 9 (base 10) to base 3.
100
-14 (base 15) to base 3
-201
What is -17c (base 16) in base 15?
-1a5
What is -10 (base 9) in base 8?
-11
What is -4 (base 6) in base 14?
-4
What is -55 (base 15) in base 5?
-310
4 (base 16) to base 13
4
Convert 176 (base 8) to base 12.
a6
Convert 159 (base 11) to base 14.
d3
Convert 132 (base 7) to base 4.
1020
What is -2 (base 4) in base 2?
-10
What is b0 (base 14) in base 11?
130
Convert 21 (base 5) to base 12.
b
-33 (base 11) to base 10
-36
What is -21 (base 5) in base 13?
-b
Convert 1 (base 2) to base 9.
1
What is 61 (base 16) in base 5?
342
Convert 34 (base 9) to base 14.
23
What is -1 (base 14) in base 3?
-1
What is 23 (base 8) in b